rime factors of m.
2, 3
Let f = 653 + -206. List the prime factors of f.
3, 149
Suppose 33*y - 3963 = 19830. What are the prime factors of y?
7, 103
Suppose -3*y = y - 12. Suppose 2*g + 5*j - 44 = j, -98 = -4*g - y*j. Let v = g + -9. What are the prime factors of v?
17
Let t = -5 - -9. Let g(c) = c**3 + 18*c**2 + 32*c + 2. Let r be g(-16). What are the prime factors of -3 - (-27 - (t - r))?
2, 13
Let j(w) = -w**2 + 7*w - 2. Let m be j(4). List the prime factors of (-84)/m*(-5)/(-4)*-18.
3, 7
Let w(r) = r**3 + 48*r**2 - 193*r + 12. What are the prime factors of w(-50)?
2, 3, 7, 37
Suppose 8 = w - 88. List the prime factors of w.
2, 3
Suppose -6*x + 3*u = -3*x - 1149, -5*u + 1109 = 3*x. List the prime factors of x.
2, 3, 7
Let d = -3 + 10. Suppose 4*l - 3 - d = 2*q, 2*q = 10. Suppose -4*v + 6*a - a = -115, v - l*a - 40 = 0. What are the prime factors of v?
5
Suppose 2*t = -13 + 3. Let f(m) = -2*m**2 + 21*m - 12. Let i(z) = z**2 - 10*z + 6. Let g(q) = 4*f(q) + 9*i(q). List the prime factors of g(t).
61
List the prime factors of ((-6)/12)/((-2)/648).
2, 3
Let d = 700 + -495. Let u = 315 - d. What are the prime factors of u?
2, 5, 11
Suppose -4*t + 19 + 1 = 0. Suppose t*o - 288 = 2*o. List the prime factors of o.
2, 3
Suppose -5*b + 3*i = -2512, 2*b + 2017 = 6*b + 5*i. List the prime factors of b.
503
List the prime factors of (-38)/(((-3)/(-6))/(78/(-12))).
2, 13, 19
Let x = -26 + 26. Suppose 4*t - 90 - 82 = x. List the prime factors of t.
43
Let j(d) = d**3 - 9*d**2 + 60*d - 23. List the prime factors of j(13).
1433
Let k(h) = h**3 + 21*h**2 - 21*h + 11. Let f be k(-22). Let m(y) = 2*y + 69. What are the prime factors of m(f)?
47
Suppose 3*m = -816 + 12111. List the prime factors of m.
3, 5, 251
Let n = -17 - -20. Suppose -n*c = 3*c - 72. List the prime factors of c.
2, 3
Let c = 1392 + -584. What are the prime factors of c?
2, 101
Let c(b) = 7*b**2 - 9*b + 41. What are the prime factors of c(12)?
941
Let c(u) = u**2 + u + 4. Let q be c(0). Suppose 4*s - 20 = 0, -q*x = -4*s + 87 + 93. Let f = -23 - x. List the prime factors of f.
17
Let y = 570 + -244. Suppose y = 2*z + 98. What are the prime factors of z?
2, 3, 19
Let f(k) = 6*k**3 + 195*k**2 + 21*k - 46. List the prime factors of f(-32).
2, 11, 107
Let l(x) be the second derivative of -x**7/840 - x**6/72 + x**5/40 - x**3 - 5*x. Let z(a) be the second derivative of l(a). List the prime factors of z(-6).
2, 3
What are the prime factors of (-297 + -3)/((-20)/70)?
2, 3, 5, 7
Let r = 11 + -7. Suppose -r*z = z. Suppose z = 3*l - 41 - 52. What are the prime factors of l?
31
Suppose p + 0*y - 3*y - 176 = 0, -2*y = -4*p + 694. What are the prime factors of p?
173
Let h(t) = t + 1. Let y(f) = f**2 - 5*f - 22. Let g(w) = -2*h(w) + y(w). List the prime factors of g(-8).
2, 3
Let h = 1805 - 14. What are the prime factors of h?
3, 199
What are the prime factors of 1393 + 6 + (-6)/(36/(-6))?
2, 5, 7
Let s(f) = -f**2 - 3*f + 193. Let i be s(-15). Suppose -2*t = 3*t - 35. Suppose -i = -t*v + 71. What are the prime factors of v?
2, 3
Suppose -4*o - 1657 = -7*o - 2*a, 5*o + 5*a = 2760. What are the prime factors of o?
7, 79
Suppose 2*u + m = 107, -11*u = -14*u + 3*m + 138. List the prime factors of u.
3, 17
Suppose k = -2*u + 3*k + 310, -3*k = 3*u - 465. Suppose -2*b = 3*b + u. Let t = b - -44. List the prime factors of t.
13
Suppose -5*f - 20 = -4*p, 3*p + 6 - 18 = 3*f. Suppose 8*k - 66 = 22. Let n = k + p. List the prime factors of n.
11
Let p be 5/((-50)/(-4)) - (-192)/(-30). Suppose 0 = -i - 2, -k - 4*i = -2*i + 3. Let n = k - p. List the prime factors of n.
7
Let w(n) = 0*n - 5*n + 11 + 4*n. Let v be w(8). Suppose 3*r = v*k + r - 81, k - 44 = -5*r. List the prime factors of k.
29
Let l(j) = 3*j + 63. Let i be l(-21). Suppose i = -5*d - 5*h + 775, 3*d + 4*h = 2*d + 143. List the prime factors of d.
3, 53
Suppose 4*g = 4*z + 864, g + 4*z = 358 - 122. Let d be 4/(-10) - g/(-50). Suppose d*u + 83 = 5*r, 3*r + 7 = -2*u + 48. List the prime factors of r.
3, 5
Let d = -4 + -5. Let a(l) = l**3 + 10*l**2 + 8*l - 4. Let o be a(d). Suppose -o*q + 43 = -4*q - 5*n, 4*q + 3*n = 80. What are the prime factors of q?
23
Let v(i) = i**2 + 3. Let b be v(3). Suppose -b = -3*h - 0*h. Suppose 4*z - h*y - 122 = -2*y, -2*y = -6. List the prime factors of z.
2
Let h be ((-4888)/78)/(2/(-6)). Suppose h = -8*j + 748. List the prime factors of j.
2, 5, 7
Let j be (585/(-20))/3*-16. Suppose 6*r - j - 42 = 0. What are the prime factors of r?
3, 11
Suppose 1587 = 6*m - 1053. What are the prime factors of m?
2, 5, 11
Let b(q) = 6*q**3 - 2*q**2 - q + 2. Let j = 18 - 19. Let f be (7 - 9)*j/1. List the prime factors of b(f).
2, 5
Let o(h) = -h**3 + 11*h**2 - 8*h - 7. Let c be o(10). Suppose w - 17 = -c. Suppose w*l - 75 = 165. What are the prime factors of l?
2, 3, 5
Let z(j) = -j**3 - j**2 + 4. Let c be ((-3)/(-6))/(2 - 42/20). List the prime factors of z(c).
2, 13
Let m(u) = u**2 + 4*u + 4. Let b be m(-4). Let y be (1 + 16/(-12))*-66. Suppose -2*v + b*v - z = 38, -2*v + y = 3*z. List the prime factors of v.
17
Suppose -3*a = -40 + 40. Suppose 5*u - 458 - 117 = a. List the prime factors of u.
5, 23
List the prime factors of (88/(-24))/(-11) + (-2162)/(-3).
7, 103
Suppose 4*p + 16 = 0, 2*m - 4*p - 9 = 15. Suppose -m*c + c = -9. Suppose -2*z - c*h + 39 = 0, -z - h + 14 = -5*h. What are the prime factors of z?
2, 3
Let t(k) = k**3 - 21*k**2 + 25*k + 30. Let c be t(20). Let b = c + 77. What are the prime factors of b?
3, 23
Let x(j) be the second derivative of -5*j**3 - 27*j**2/2 - j. What are the prime factors of x(-7)?
3, 61
Suppose -129 = 5*x + 2*m, -x + 4*m = 49 - 10. Suppose 3*n + 24 = -126. Let k = x - n. What are the prime factors of k?
23
Let q(a) = 2*a + 13. Let h be q(-16). List the prime factors of h/(-7) + 12/42.
3
Let i be 3/(2 - 61/32). Suppose 2*v + v = 162. Let j = v - i. What are the prime factors of j?
2, 11
Let t be (2/1)/((18/(-33))/3). Let w(l) = 2*l**2 + 12*l + 19. List the prime factors of w(t).
3, 43
Let x(s) = -s**3 + s**2 + s - 1. Let m be (6 - 3)*4/3. Let l be x(m). Let z = 66 + l. What are the prime factors of z?
3, 7
Let y = 4 - 0. Suppose o - 26 = -2*g, 2*g + 98 = 5*o + y*g. List the prime factors of (-3)/o - 618/(-36).
17
Let q = -193 - -329. List the prime factors of q.
2, 17
Let y be (148/(-6))/((-2)/(-9)). Let d = y - -174. What are the prime factors of d?
3, 7
Let b(u) = -15*u + 2. Let p be b(8). Let l be (-3)/(-15) + p/(-10). Let x(a) = -a**3 + 11*a**2 + 14*a + 5. List the prime factors of x(l).
29
Let j be 12/3*(0 + 2/2). Let a(t) = 9*t**2 + 8*t - 17. List the prime factors of a(j).
3, 53
Let p(u) = -u**2 - 27*u - 3. List the prime factors of p(-24).
3, 23
Let m(y) = -23*y - 2. Let b be m(-2). Suppose 4*p - b = 2*a, 5*a + 10 = -4*p + 40. Suppose 1 = d - p. List the prime factors of d.
11
Let l(g) = 8*g**2 - 121*g + 48. List the prime factors of l(22).
2, 17, 37
Let d(u) = -16*u - 20. Let n(w) = -3*w - 4. Let l(o) = -2*d(o) + 11*n(o). Let f be l(-4). List the prime factors of 9 + (-1 - f/2).
2
Let d(w) = w**3 + 8*w**2 + 3*w + 8. Let p be d(-6). Let o = 238 - p. Suppose 3*s - 102 = -3*c, -4*c - c + o = 3*s. List the prime factors of c.
37
Let w(x) = -2*x**3 + 39*x**2 + 15*x - 42. List the prime factors of w(18).
2, 3, 5
Suppose -2*n = 4*n + 36. List the prime factors of (-936)/(-14) + n/(-42).
67
Suppose -3*r - 22 = w, -4*w - 7 = 2*r + 1. Let f(a) = -a**3 - 3*a**2 + 7*a + 13. List the prime factors of f(r).
277
Let d(u) be the first derivative of -u**3/3 + 14*u**2 + 12*u - 37. List the prime factors of d(11).
199
Let o(b) be the second derivative of 2*b**4/3 + 2*b**2 - 6*b. What are the prime factors of o(2)?
2, 3
Suppose 160*r - 156*r - 7452 = 0. List the prime factors of r.
3, 23
Suppose 25*s - 848 = 9*s. List the prime factors of s.
53
Let s = -55 - -258. List the prime factors of s.
7, 29
Let m(c) = -c**3 - 17*c**2 + 15*c + 4. Let n be m(-18). Suppose -3*t = n - 256. List the prime factors of t.
2, 3, 11
Let z be (3/(-4))/((-4)/16). Suppose 5*k + l - 5*l - 144 = 0, z*k - 2*l - 86 = 0. Let g = k - 21. List the prime factors of g.
7
Suppose 4*w - 4*x = 8560, 11*w + 8*x - 23475 = 6*x. List the prime factors of w.
5, 7, 61
Let d = 928 + -483. What are the prime factors of d?
5, 89
What are the prime factor